e thousands digit of 145020038?
0
What is the millions digit of 3062188592?
2
What is the hundred thousands digit of 199539603?
5
What is the hundreds digit of 14625338?
3
What is the hundred millions digit of 6056045996?
0
What is the units digit of 139508575?
5
What is the ten thousands digit of 294130057?
3
What is the thousands digit of 45818840?
8
What is the tens digit of 92506528?
2
What is the hundreds digit of 49195792?
7
What is the units digit of 2160145?
5
What is the hundreds digit of 41184144?
1
What is the millions digit of 1058297489?
8
What is the millions digit of 108615790?
8
What is the hundreds digit of 43694823?
8
What is the ten thousands digit of 58375121?
7
What is the hundred thousands digit of 4150948?
1
What is the hundreds digit of 1676736055?
0
What is the millions digit of 53561549?
3
What is the thousands digit of 29081442?
1
What is the tens digit of 2344482769?
6
What is the thousands digit of 5203976678?
6
What is the ten millions digit of 1445062179?
4
What is the units digit of 40017377?
7
What is the ten thousands digit of 402817658?
1
What is the ten millions digit of 906798758?
0
What is the tens digit of 289768202?
0
What is the ten thousands digit of 82857933?
5
What is the ten thousands digit of 5753987?
5
What is the ten millions digit of 641975546?
4
What is the ten millions digit of 56446376?
5
What is the thousands digit of 72521632?
1
What is the hundred millions digit of 120841984?
1
What is the millions digit of 158059750?
8
What is the millions digit of 1429961057?
9
What is the hundred millions digit of 1283895711?
2
What is the tens digit of 481036800?
0
What is the ten thousands digit of 3253156205?
5
What is the thousands digit of 36693033?
3
What is the thousands digit of 49361588?
1
What is the ten thousands digit of 5401457436?
5
What is the units digit of 296497452?
2
What is the units digit of 661384565?
5
What is the hundreds digit of 61023553?
5
What is the tens digit of 617776372?
7
What is the hundreds digit of 4655415093?
0
What is the millions digit of 51565650?
1
What is the hundred thousands digit of 4981650380?
6
What is the millions digit of 290908864?
0
What is the hundred thousands digit of 816235250?
2
What is the units digit of 837310236?
6
What is the hundred thousands digit of 1356971?
3
What is the hundreds digit of 856295033?
0
What is the millions digit of 4919718444?
9
What is the ten millions digit of 50966501?
5
What is the hundred thousands digit of 96624867?
6
What is the hundreds digit of 14494142?
1
What is the billions digit of 1133163097?
1
What is the ten thousands digit of 223632928?
3
What is the hundred millions digit of 1687841197?
6
What is the ten millions digit of 664497102?
6
What is the hundreds digit of 29011850?
8
What is the hundred millions digit of 199857046?
1
What is the millions digit of 441655170?
1
What is the hundred thousands digit of 1233776524?
7
What is the billions digit of 1372546165?
1
What is the millions digit of 8827480?
8
What is the hundreds digit of 2221260153?
1
What is the hundreds digit of 1159739042?
0
What is the hundred millions digit of 377838058?
3
What is the hundred millions digit of 302477126?
3
What is the hundred thousands digit of 28743385?
7
What is the millions digit of 4460206219?
0
What is the thousands digit of 7240507436?
7
What is the ten thousands digit of 4040791776?
9
What is the hundreds digit of 92325828?
8
What is the ten millions digit of 12377722?
1
What is the millions digit of 92101241?
2
What is the hundred thousands digit of 163795994?
7
What is the hundred millions digit of 121015625?
1
What is the ten millions digit of 3097134393?
9
What is the units digit of 111221138?
8
What is the hundreds digit of 86227605?
6
What is the billions digit of 2166570603?
2
What is the ten thousands digit of 1434681190?
8
What is the ten millions digit of 18327524?
1
What is the hundreds digit of 831588397?
3
What is the ten thousands digit of 348196461?
9
What is the hundreds digit of 349365455?
4
What is the hundreds digit of 750888289?
2
What is the units digit of 1225331399?
9
What is the thousands digit of 62212375?
2
What is the hundred thousands digit of 86697069?
6
What is the millions digit of 71603059?
1
What is the tens digit of 292207346?
4
What is the tens digit of 393424689?
8
What is the tens digit of 295063946?
4
What is the hundreds digit of 32180757?
7
What is the billions digit of 1010961249?
1
What is the hundreds digit of 56593496?
4
What is the ten thousands digit of 520695839?
9
What is the thousands digit of 537980?
7
What is the ten thousands digit of 480481745?
8
What is the tens digit of 96221640?
4
What is the hundred thousands digit of 763837882?
8
What is the tens digit of 1548683845?
4
What is the ten thousands digit of 211053715?
5
What is the hundred thousands digit of 35458569?
4
What is the hundred thousands digit of 84856501?
8
What is the units digit of 318656840?
0
What is the hundred thousands digit of 42176936?
1
What is the hundred millions digit of 984019734?
9
What is the ten millions digit of 88983533?
8
What is the tens digit of 958746905?
0
What is the millions digit of 1140576863?
0
What is the hundred thousands digit of 165208663?
2
What is the ten thousands digit of 390996086?
9
What is the ten millions digit of 485860559?
8
What is the hundred thousands digit of 180128464?
1
What is the ten thousands digit of 54513875?
1
What is the hundred thousands digit of 28256537?
2
What is the ten thousands digit of 836389091?
8
What is the hundred millions digit of 283751213?
2
What is the hundred thousands digit of 59790138?
7
What is the thousands digit of 509475347?
5
What is the hundred thousands digit of 365279205?
2
What is the hundred thousands digit of 37532178?
5
What is the hundred thousands digit of 317216606?
2
What is the ten thousands digit of 194152762?
5
What is the hundreds digit of 367798334?
3
What is the millions digit of 7973782055?
3
What is the thousands digit of 286475255?
5
What is the tens digit of 1793252?
5
What is the ten thousands digit of 4742151?
4
What is the hundred millions digit of 137506392?
1
What is the tens digit of 71036060?
6
What is the hundreds digit of 741967025?
0
What is the hundred millions digit of 327911236?
3
What is the ten thousands digit of 40424181?
2
What is the hundred millions digit of 656194836?
6
What is the tens digit of 354934153?
5
What is the units digit of 114888218?
8
What is the tens digit of 109211705?
0
What is the thousands digit of 25792743?
2
What is the tens digit of 3474094070?
7
What is the hundred millions digit of 557446424?
5
What is the hundreds digit of 333607295?
2
What is the hundred thousands digit of 85198891?
1
What is the ten thousands digit of 338558728?
5
What is the millions digit of 40295694?
0
What is the hundreds digit of 29942906?
9
What is the hundred millions digit of 165743135?
1
What is the hundred thousands digit of 648503284?
5
What is the thousands digit of 95148945?
8
What is the hundreds digit of 28898204?
2
What is the hundred thousands digit of 12987006?
9
What is the units digit of 214478184?
4
What is the hundred thousands digit of 245215755?
2
What is the tens digit of 1784235615?
1
What is the ten thousands digit of 15812967?
1
What is the tens digit of 49598987?
8
What is the thousands digit of 52201272?
1
What is the ten millions digit of 33113287?
3
What is the hundred thousands digit of 854984812?
9
What is the thousands digit of 6625947779?
7
What is the hundred millions digit of 3853507315?
8
What is the hundred millions digit of 139237625?
1
What is the hundred millions digit of 272872892?
2
What is the thousands digit of 110229406?
9
What is the thousands digit of 1903854790?
4
What is the ten thousands digit of 139518900?
1
What is the ten millions digit of 132396275?
3
What is the hundred thousands digit of 34388004?
3
What is the hundred thousands digit of 8188531?
1
What is the units digit of 17056159?
9
What is the hundred millions digit of 1041960389?
0
What is the hundreds digit of 2289379536?
5
What is the units digit of 10817691?
1
What is the hundreds digit of 29614611?
6
What is the units digit of 60808089?
9
What is the millions digit of